 the remainder when 39613 is divided by 139.
137
Calculate the remainder when 77232 is divided by 3348.
228
What is the remainder when 9529 is divided by 531?
502
What is the remainder when 398105 is divided by 199051?
3
What is the remainder when 267313 is divided by 753?
751
What is the remainder when 1300 is divided by 50?
0
What is the remainder when 6862 is divided by 1369?
17
What is the remainder when 14688 is divided by 2100?
2088
What is the remainder when 1019 is divided by 263?
230
Calculate the remainder when 15765 is divided by 1049.
30
What is the remainder when 2245 is divided by 728?
61
Calculate the remainder when 28856 is divided by 195.
191
What is the remainder when 561 is divided by 140?
1
What is the remainder when 1752 is divided by 238?
86
What is the remainder when 6680 is divided by 742?
2
What is the remainder when 17365 is divided by 4341?
1
Calculate the remainder when 20268 is divided by 1965.
618
What is the remainder when 77661 is divided by 6?
3
What is the remainder when 472 is divided by 185?
102
What is the remainder when 68223 is divided by 328?
327
What is the remainder when 308569 is divided by 516?
1
Calculate the remainder when 18977 is divided by 487.
471
What is the remainder when 897 is divided by 453?
444
What is the remainder when 6092 is divided by 671?
53
What is the remainder when 1477 is divided by 634?
209
What is the remainder when 31015 is divided by 215?
55
Calculate the remainder when 1193 is divided by 242.
225
Calculate the remainder when 3973 is divided by 1808.
357
What is the remainder when 515585 is divided by 89?
8
What is the remainder when 1325 is divided by 808?
517
What is the remainder when 298601 is divided by 298590?
11
What is the remainder when 63515 is divided by 328?
211
Calculate the remainder when 76085 is divided by 14.
9
Calculate the remainder when 55928 is divided by 554.
528
What is the remainder when 5604 is divided by 468?
456
Calculate the remainder when 5238790 is divided by 179.
176
Calculate the remainder when 26362 is divided by 86.
46
Calculate the remainder when 2817 is divided by 894.
135
Calculate the remainder when 1458373 is divided by 1017.
1012
Calculate the remainder when 57065 is divided by 65.
60
Calculate the remainder when 623143 is divided by 155781.
19
Calculate the remainder when 650 is divided by 570.
80
What is the remainder when 168750 is divided by 47?
20
Calculate the remainder when 18625 is divided by 18.
13
Calculate the remainder when 329510 is divided by 273.
272
Calculate the remainder when 1236 is divided by 728.
508
Calculate the remainder when 835689 is divided by 147.
141
What is the remainder when 123439 is divided by 162?
157
Calculate the remainder when 21910 is divided by 426.
184
What is the remainder when 45003 is divided by 15?
3
What is the remainder when 2648 is divided by 80?
8
Calculate the remainder when 6147 is divided by 3064.
19
What is the remainder when 2969 is divided by 223?
70
Calculate the remainder when 211312 is divided by 602.
10
Calculate the remainder when 43074 is divided by 14352.
18
What is the remainder when 509 is divided by 423?
86
What is the remainder when 10664132 is divided by 26?
24
What is the remainder when 188112 is divided by 3?
0
Calculate the remainder when 11541797 is divided by 18.
17
Calculate the remainder when 6098 is divided by 2010.
68
What is the remainder when 61194 is divided by 120?
114
Calculate the remainder when 1211294 is divided by 69.
68
What is the remainder when 13175 is divided by 3221?
291
What is the remainder when 23808 is divided by 7936?
0
What is the remainder when 5691 is divided by 143?
114
What is the remainder when 187 is divided by 155?
32
Calculate the remainder when 62167 is divided by 6.
1
What is the remainder when 96653 is divided by 7?
4
What is the remainder when 1336 is divided by 14?
6
What is the remainder when 4317167 is divided by 1697?
1696
Calculate the remainder when 195551 is divided by 97.
96
What is the remainder when 7964 is divided by 3520?
924
Calculate the remainder when 12847 is divided by 53.
21
What is the remainder when 36078 is divided by 41?
39
What is the remainder when 4454 is divided by 147?
44
What is the remainder when 510 is divided by 499?
11
What is the remainder when 8830 is divided by 57?
52
Calculate the remainder when 1281683 is divided by 87.
86
Calculate the remainder when 151560 is divided by 6589.
13
Calculate the remainder when 13002 is divided by 277.
260
What is the remainder when 4156 is divided by 209?
185
Calculate the remainder when 6251 is divided by 156.
11
Calculate the remainder when 917214 is divided by 14.
4
Calculate the remainder when 41321 is divided by 20513.
295
What is the remainder when 6229 is divided by 32?
21
Calculate the remainder when 2564 is divided by 1996.
568
What is the remainder when 3382776 is divided by 20?
16
What is the remainder when 95764 is divided by 33?
31
What is the remainder when 75640 is divided by 711?
274
What is the remainder when 14611 is divided by 8?
3
What is the remainder when 75324 is divided by 25104?
12
What is the remainder when 16646 is divided by 949?
513
What is the remainder when 41623 is divided by 13838?
109
What is the remainder when 2004056 is divided by 1052?
1048
What is the remainder when 24300 is divided by 4033?
102
Calculate the remainder when 1100 is divided by 194.
130
Calculate the remainder when 5957 is divided by 1980.
17
What is the remainder when 11533 is divided by 768?
13
What is the remainder when 48263 is divided by 202?
187
Calculate the remainder when 11464842 is divided by 2877.
2874
Calculate the remainder when 6108 is divided by 875.
858
Calculate the remainder when 55874 is divided by 4295.
39
What is the remainder when 19983 is divided by 526?
521
What is the remainder when 2353 is divided by 482?
425
Calculate the remainder when 649013 is divided by 18.
5
What is the remainder when 962574 is divided by 9?
6
Calculate the remainder when 58254 is divided by 391.
386
Calculate the remainder when 4352 is divided by 112.
96
Calculate the remainder when 4079967 is divided by 90.
87
Calculate the remainder when 25261 is divided by 34.
33
What is the remainder when 39288 is divided by 1034?
1030
Calculate the remainder when 173627 is divided by 364.
363
Calculate the remainder when 19864 is divided by 12.
4
What is the remainder when 2277 is divided by 2276?
1
What is the remainder when 1003919 is divided by 705?
704
Calculate the remainder when 23650 is divided by 108.
106
What is the remainder when 16194 is divided by 16162?
32
What is the remainder when 122239 is divided by 163?
152
What is the remainder when 17066 is divided by 108?
2
Calculate the remainder when 35040 is divided by 215.
210
Calculate the remainder when 6135 is divided by 1022.
3
What is the remainder when 1249 is divided by 83?
4
Calculate the remainder when 11905 is divided by 178.
157
What is the remainder when 422 is divided by 171?
80
Calculate the remainder when 31230 is divided by 5198.
42
Calculate the remainder when 46980 is divided by 11742.
12
Calculate the remainder when 3324 is divided by 332.
4
Calculate the remainder when 18973 is divided by 114.
49
What is the remainder when 1354 is divided by 344?
322
Calculate the remainder when 495 is divided by 181.
133
What is the remainder when 70354 is divided by 70326?
28
What is the remainder when 452010 is divided by 51?
48
What is the remainder when 897 is divided by 624?
273
What is the remainder when 13901 is divided by 50?
1
What is the remainder when 8253 is divided by 751?
743
What is the remainder when 1063 is divided by 81?
10
What is the remainder when 79934 is divided by 3?
2
Calculate the remainder when 8810 is divided by 1084.
138
What is the remainder when 1589 is divided by 211?
112
What is the remainder when 128266 is divided by 1509?
1
What is the remainder when 5508 is divided by 86?
4
Calculate the remainder when 66245 is divided by 1472.
5
What is the remainder when 65567 is divided by 21831?
74
What is the remainder when 384 is divided by 376?
8
Calculate the remainder when 108408 is divided by 52.
40
What is the remainder when 2397 is divided by 566?
133
What is the remainder w